Dec 01 07:07:25.758 INFO testing o0Ignition0o/crawl-rs against master#8940af3cea4a9a9deabcaf843b2f8cad9a83fc61 for beta-1.31-5
Dec 01 07:07:25.758 INFO running `"docker" "create" "-v" "/mnt/big/crater/work/local/target-dirs/beta-1.31-5/worker-7/master#8940af3cea4a9a9deabcaf843b2f8cad9a83fc61:/target:rw,Z" "-v" "/mnt/big/crater/work/local/test-source/worker-7/beta-1.31-5/master#8940af3cea4a9a9deabcaf843b2f8cad9a83fc61:/source:ro,Z" "-v" "/mnt/big/crater/work/local/cargo-home:/cargo-home:ro,Z" "-v" "/mnt/big/crater/work/local/rustup-home:/rustup-home:ro,Z" "-e" "USER_ID=1000" "-e" "SOURCE_DIR=/source" "-e" "USER_ID=1000" "-e" "CMD=cargo +8940af3cea4a9a9deabcaf843b2f8cad9a83fc61-alt build --frozen" "-e" "CARGO_TARGET_DIR=/target" "-e" "CARGO_INCREMENTAL=0" "-e" "RUST_BACKTRACE=full" "-e" "RUSTFLAGS=--cap-lints=warn" "-e" "CARGO_HOME=/cargo-home" "-e" "RUSTUP_HOME=/rustup-home" "-m" "1536M" "--network" "none" "crater"`
Dec 01 07:07:26.456 INFO [stdout] 58d41d1d41f46508beabe6a852d3582e254a19892fd3352fda9c4f73203ee674
Dec 01 07:07:26.459 INFO running `"docker" "start" "-a" "58d41d1d41f46508beabe6a852d3582e254a19892fd3352fda9c4f73203ee674"`
Dec 01 07:07:27.538 INFO [stderr] usermod: no changes
Dec 01 07:07:27.864 INFO [stderr]    Compiling tokio-executor v0.1.2
Dec 01 07:07:29.191 INFO [stderr]    Compiling tokio-reactor v0.1.1
Dec 01 07:07:29.191 INFO [stderr]    Compiling tokio-timer v0.2.0
Dec 01 07:07:29.191 INFO [stderr]    Compiling tokio-threadpool v0.1.2
Dec 01 07:07:32.459 INFO [stderr]    Compiling tokio-udp v0.1.0
Dec 01 07:07:32.459 INFO [stderr]    Compiling tokio-tcp v0.1.0
Dec 01 07:07:34.647 INFO [stderr]    Compiling tokio v0.1.5
Dec 01 07:07:36.739 INFO [stderr]    Compiling tokio-core v0.1.16
Dec 01 07:07:40.124 INFO [stderr]    Compiling tokio-proto v0.1.1
Dec 01 07:07:43.105 INFO [stderr]    Compiling hyper v0.11.24
Dec 01 07:07:53.323 INFO [stderr]    Compiling crawl-rs v0.0.1 (/source)
Dec 01 07:07:59.239 INFO [stderr]     Finished dev [unoptimized + debuginfo] target(s) in 31.68s
Dec 01 07:07:59.244 INFO [stderr] su: No module specific data is present
Dec 01 07:07:59.858 INFO running `"docker" "inspect" "58d41d1d41f46508beabe6a852d3582e254a19892fd3352fda9c4f73203ee674"`
Dec 01 07:08:00.169 INFO running `"docker" "rm" "-f" "58d41d1d41f46508beabe6a852d3582e254a19892fd3352fda9c4f73203ee674"`
Dec 01 07:08:00.539 INFO [stdout] 58d41d1d41f46508beabe6a852d3582e254a19892fd3352fda9c4f73203ee674
Dec 01 07:08:00.547 INFO running `"docker" "create" "-v" "/mnt/big/crater/work/local/target-dirs/beta-1.31-5/worker-7/master#8940af3cea4a9a9deabcaf843b2f8cad9a83fc61:/target:rw,Z" "-v" "/mnt/big/crater/work/local/test-source/worker-7/beta-1.31-5/master#8940af3cea4a9a9deabcaf843b2f8cad9a83fc61:/source:ro,Z" "-v" "/mnt/big/crater/work/local/cargo-home:/cargo-home:ro,Z" "-v" "/mnt/big/crater/work/local/rustup-home:/rustup-home:ro,Z" "-e" "USER_ID=1000" "-e" "SOURCE_DIR=/source" "-e" "USER_ID=1000" "-e" "CMD=cargo +8940af3cea4a9a9deabcaf843b2f8cad9a83fc61-alt test --frozen --no-run" "-e" "CARGO_TARGET_DIR=/target" "-e" "CARGO_INCREMENTAL=0" "-e" "RUST_BACKTRACE=full" "-e" "RUSTFLAGS=--cap-lints=warn" "-e" "CARGO_HOME=/cargo-home" "-e" "RUSTUP_HOME=/rustup-home" "-m" "1536M" "--network" "none" "crater"`
Dec 01 07:08:01.068 INFO [stdout] 3133ff8797a7c8eb1e6658153f067460136fd8f4e4ce7b827ec6277958289112
Dec 01 07:08:01.070 INFO running `"docker" "start" "-a" "3133ff8797a7c8eb1e6658153f067460136fd8f4e4ce7b827ec6277958289112"`
Dec 01 07:08:03.762 INFO [stderr] usermod: no changes
Dec 01 07:08:03.914 INFO [stderr]    Compiling crawl-rs v0.0.1 (/source)
Dec 01 07:08:14.214 INFO [stderr]     Finished dev [unoptimized + debuginfo] target(s) in 10.43s
Dec 01 07:08:14.228 INFO [stderr] su: No module specific data is present
Dec 01 07:08:14.841 INFO running `"docker" "inspect" "3133ff8797a7c8eb1e6658153f067460136fd8f4e4ce7b827ec6277958289112"`
Dec 01 07:08:15.015 INFO running `"docker" "rm" "-f" "3133ff8797a7c8eb1e6658153f067460136fd8f4e4ce7b827ec6277958289112"`
Dec 01 07:08:15.203 INFO [stdout] 3133ff8797a7c8eb1e6658153f067460136fd8f4e4ce7b827ec6277958289112
Dec 01 07:08:15.206 INFO running `"docker" "create" "-v" "/mnt/big/crater/work/local/target-dirs/beta-1.31-5/worker-7/master#8940af3cea4a9a9deabcaf843b2f8cad9a83fc61:/target:rw,Z" "-v" "/mnt/big/crater/work/local/test-source/worker-7/beta-1.31-5/master#8940af3cea4a9a9deabcaf843b2f8cad9a83fc61:/source:ro,Z" "-v" "/mnt/big/crater/work/local/cargo-home:/cargo-home:ro,Z" "-v" "/mnt/big/crater/work/local/rustup-home:/rustup-home:ro,Z" "-e" "USER_ID=1000" "-e" "SOURCE_DIR=/source" "-e" "USER_ID=1000" "-e" "CMD=cargo +8940af3cea4a9a9deabcaf843b2f8cad9a83fc61-alt test --frozen" "-e" "CARGO_TARGET_DIR=/target" "-e" "CARGO_INCREMENTAL=0" "-e" "RUST_BACKTRACE=full" "-e" "RUSTFLAGS=--cap-lints=warn" "-e" "CARGO_HOME=/cargo-home" "-e" "RUSTUP_HOME=/rustup-home" "-m" "1536M" "--network" "none" "crater"`
Dec 01 07:08:15.460 INFO [stdout] 0ec48de3ef3dcb28fb06b50fadc649b1768016968c1ddfae21ae7a2c44444f05
Dec 01 07:08:15.465 INFO running `"docker" "start" "-a" "0ec48de3ef3dcb28fb06b50fadc649b1768016968c1ddfae21ae7a2c44444f05"`
Dec 01 07:08:16.795 INFO [stderr] usermod: no changes
Dec 01 07:08:16.983 INFO [stderr]     Finished dev [unoptimized + debuginfo] target(s) in 0.15s
Dec 01 07:08:17.007 INFO [stderr]      Running /target/debug/deps/crawl_rs-4c0eee4340619e29
Dec 01 07:08:17.019 INFO [stdout] 
Dec 01 07:08:17.019 INFO [stdout] running 2 tests
Dec 01 07:08:17.175 INFO [stdout] test http::client::client_tests::get_json_with_valid_url ... FAILED
Dec 01 07:08:17.175 INFO [stderr] error: test failed, to rerun pass '--lib'
Dec 01 07:08:17.175 INFO [stdout] test http::client::client_tests::get_string_with_valid_url ... FAILED
Dec 01 07:08:17.175 INFO [stdout] 
Dec 01 07:08:17.175 INFO [stdout] failures:
Dec 01 07:08:17.175 INFO [stdout] 
Dec 01 07:08:17.175 INFO [stdout] ---- http::client::client_tests::get_json_with_valid_url stdout ----
Dec 01 07:08:17.175 INFO [stdout] thread 'http::client::client_tests::get_json_with_valid_url' panicked at 'called `Result::unwrap()` on an `Err` value: HttpError(Io(Custom { kind: Other, error: StringError("failed to lookup address information: Temporary failure in name resolution") }))', libcore/result.rs:1009:5
Dec 01 07:08:17.175 INFO [stdout] stack backtrace:
Dec 01 07:08:17.175 INFO [stdout]    0:     0x55700b1c20af - std::sys::unix::backtrace::tracing::imp::unwind_backtrace::h3a8b83e1922cbdde
Dec 01 07:08:17.175 INFO [stdout]                                at libstd/sys/unix/backtrace/tracing/gcc_s.rs:49
Dec 01 07:08:17.175 INFO [stdout]    1:     0x55700b1cb7a7 - std::sys_common::backtrace::print::h00d3155a29b4020f
Dec 01 07:08:17.175 INFO [stdout]                                at libstd/sys_common/backtrace.rs:71
Dec 01 07:08:17.175 INFO [stdout]                                at libstd/sys_common/backtrace.rs:59
Dec 01 07:08:17.175 INFO [stdout]    2:     0x55700b1c633f - std::panicking::default_hook::{{closure}}::hd7465c742e79e1bb
Dec 01 07:08:17.175 INFO [stdout]                                at libstd/panicking.rs:211
Dec 01 07:08:17.175 INFO [stdout]    3:     0x55700b1c603e - std::panicking::default_hook::h9e3966f2aa2a6e12
Dec 01 07:08:17.175 INFO [stdout]                                at libstd/panicking.rs:221
Dec 01 07:08:17.175 INFO [stdout]    4:     0x55700b1c6a1e - std::panicking::rust_panic_with_hook::h587f091ae747d080
Dec 01 07:08:17.175 INFO [stdout]                                at libstd/panicking.rs:476
Dec 01 07:08:17.175 INFO [stdout]    5:     0x55700b1c65c1 - std::panicking::continue_panic_fmt::hb3a4fdede87f43a8
Dec 01 07:08:17.175 INFO [stdout]                                at libstd/panicking.rs:390
Dec 01 07:08:17.175 INFO [stdout]    6:     0x55700b1c64a5 - rust_begin_unwind
Dec 01 07:08:17.175 INFO [stdout]                                at libstd/panicking.rs:325
Dec 01 07:08:17.175 INFO [stdout]    7:     0x55700b20ab2c - core::panicking::panic_fmt::h6f9cebf5e7474a0b
Dec 01 07:08:17.175 INFO [stdout]                                at libcore/panicking.rs:77
Dec 01 07:08:17.175 INFO [stdout]    8:     0x55700afe49ab - core::result::unwrap_failed::h4bdcf52081fda516
Dec 01 07:08:17.175 INFO [stdout]                                at libcore/macros.rs:26
Dec 01 07:08:17.175 INFO [stdout]    9:     0x55700afe0c09 - <core::result::Result<T, E>>::unwrap::h770c0742163c4f1d
Dec 01 07:08:17.175 INFO [stdout]                                at libcore/result.rs:808
Dec 01 07:08:17.175 INFO [stdout]   10:     0x55700af4c15f - crawl_rs::http::client::client_tests::get_json_with_valid_url::h00f71a679e8bd894
Dec 01 07:08:17.175 INFO [stdout]                                at src/http/client.rs:101
Dec 01 07:08:17.175 INFO [stdout]   11:     0x55700af4c0b9 - crawl_rs::http::client::client_tests::get_json_with_valid_url::{{closure}}::h8904fadf449f05c3
Dec 01 07:08:17.175 INFO [stdout]                                at src/http/client.rs:99
Dec 01 07:08:17.175 INFO [stdout]   12:     0x55700af7701d - core::ops::function::FnOnce::call_once::h355d7114579b01d3
Dec 01 07:08:17.175 INFO [stdout]                                at libcore/ops/function.rs:238
Dec 01 07:08:17.175 INFO [stdout]   13:     0x55700afe744e - <F as alloc::boxed::FnBox<A>>::call_box::hac903f91577a156c
Dec 01 07:08:17.175 INFO [stdout]                                at libtest/lib.rs:1468
Dec 01 07:08:17.175 INFO [stdout]                                at libcore/ops/function.rs:238
Dec 01 07:08:17.175 INFO [stdout]                                at liballoc/boxed.rs:672
Dec 01 07:08:17.175 INFO [stdout]   14:     0x55700b1d6759 - __rust_maybe_catch_panic
Dec 01 07:08:17.175 INFO [stdout]                                at libpanic_unwind/lib.rs:102
Dec 01 07:08:17.175 INFO [stdout]   15:     0x55700b0090a2 - std::sys_common::backtrace::__rust_begin_short_backtrace::hb8f0d0309526c184
Dec 01 07:08:17.175 INFO [stdout]                                at libstd/panicking.rs:289
Dec 01 07:08:17.175 INFO [stdout]                                at libstd/panic.rs:392
Dec 01 07:08:17.175 INFO [stdout]                                at libtest/lib.rs:1423
Dec 01 07:08:17.175 INFO [stdout]                                at libstd/sys_common/backtrace.rs:136
Dec 01 07:08:17.175 INFO [stdout]   16:     0x55700b009b54 - std::panicking::try::do_call::hc2f7c8b9a348d8db
Dec 01 07:08:17.175 INFO [stdout]                                at libstd/thread/mod.rs:409
Dec 01 07:08:17.175 INFO [stdout]                                at libstd/panic.rs:313
Dec 01 07:08:17.175 INFO [stdout]                                at libstd/panicking.rs:310
Dec 01 07:08:17.175 INFO [stdout]   17:     0x55700b1d6759 - __rust_maybe_catch_panic
Dec 01 07:08:17.175 INFO [stdout]                                at libpanic_unwind/lib.rs:102
Dec 01 07:08:17.175 INFO [stdout]   18:     0x55700aff6d8c - <F as alloc::boxed::FnBox<A>>::call_box::h6bfded618e480b32
Dec 01 07:08:17.175 INFO [stdout]                                at libstd/panicking.rs:289
Dec 01 07:08:17.175 INFO [stdout]                                at libstd/panic.rs:392
Dec 01 07:08:17.175 INFO [stdout]                                at libstd/thread/mod.rs:408
Dec 01 07:08:17.175 INFO [stdout]                                at liballoc/boxed.rs:672
Dec 01 07:08:17.175 INFO [stdout]   19:     0x55700b1c409d - std::sys_common::thread::start_thread::h4c28257d67cdf9cb
Dec 01 07:08:17.175 INFO [stdout]                                at liballoc/boxed.rs:682
Dec 01 07:08:17.175 INFO [stdout]                                at libstd/sys_common/thread.rs:24
Dec 01 07:08:17.175 INFO [stdout]   20:     0x55700b1b71c5 - std::sys::unix::thread::Thread::new::thread_start::hfecb2e7eff8fd34f
Dec 01 07:08:17.175 INFO [stdout]                                at libstd/sys/unix/thread.rs:90
Dec 01 07:08:17.175 INFO [stdout]   21:     0x7ff257eed6b9 - start_thread
Dec 01 07:08:17.175 INFO [stdout]   22:     0x7ff257a0d41c - clone
Dec 01 07:08:17.175 INFO [stdout]   23:                0x0 - <unknown>
Dec 01 07:08:17.175 INFO [stdout] 
Dec 01 07:08:17.175 INFO [stdout] ---- http::client::client_tests::get_string_with_valid_url stdout ----
Dec 01 07:08:17.176 INFO [stdout] thread 'http::client::client_tests::get_string_with_valid_url' panicked at 'called `Result::unwrap()` on an `Err` value: HttpError(Io(Custom { kind: Other, error: StringError("failed to lookup address information: Temporary failure in name resolution") }))', libcore/result.rs:1009:5
Dec 01 07:08:17.176 INFO [stdout] stack backtrace:
Dec 01 07:08:17.176 INFO [stdout]    0:     0x55700b1c20af - std::sys::unix::backtrace::tracing::imp::unwind_backtrace::h3a8b83e1922cbdde
Dec 01 07:08:17.176 INFO [stdout]                                at libstd/sys/unix/backtrace/tracing/gcc_s.rs:49
Dec 01 07:08:17.176 INFO [stdout]    1:     0x55700b1cb7a7 - std::sys_common::backtrace::print::h00d3155a29b4020f
Dec 01 07:08:17.176 INFO [stdout]                                at libstd/sys_common/backtrace.rs:71
Dec 01 07:08:17.176 INFO [stdout]                                at libstd/sys_common/backtrace.rs:59
Dec 01 07:08:17.176 INFO [stdout]    2:     0x55700b1c633f - std::panicking::default_hook::{{closure}}::hd7465c742e79e1bb
Dec 01 07:08:17.176 INFO [stdout]                                at libstd/panicking.rs:211
Dec 01 07:08:17.176 INFO [stdout]    3:     0x55700b1c603e - std::panicking::default_hook::h9e3966f2aa2a6e12
Dec 01 07:08:17.176 INFO [stdout]                                at libstd/panicking.rs:221
Dec 01 07:08:17.176 INFO [stdout]    4:     0x55700b1c6a1e - std::panicking::rust_panic_with_hook::h587f091ae747d080
Dec 01 07:08:17.176 INFO [stdout]                                at libstd/panicking.rs:476
Dec 01 07:08:17.176 INFO [stdout]    5:     0x55700b1c65c1 - std::panicking::continue_panic_fmt::hb3a4fdede87f43a8
Dec 01 07:08:17.176 INFO [stdout]                                at libstd/panicking.rs:390
Dec 01 07:08:17.176 INFO [stdout]    6:     0x55700b1c64a5 - rust_begin_unwind
Dec 01 07:08:17.176 INFO [stdout]                                at libstd/panicking.rs:325
Dec 01 07:08:17.176 INFO [stdout]    7:     0x55700b20ab2c - core::panicking::panic_fmt::h6f9cebf5e7474a0b
Dec 01 07:08:17.176 INFO [stdout]                                at libcore/panicking.rs:77
Dec 01 07:08:17.176 INFO [stdout]    8:     0x55700afe49ab - core::result::unwrap_failed::h4bdcf52081fda516
Dec 01 07:08:17.176 INFO [stdout]                                at libcore/macros.rs:26
Dec 01 07:08:17.176 INFO [stdout]    9:     0x55700afe086a - <core::result::Result<T, E>>::unwrap::h3f39ba16c2cac148
Dec 01 07:08:17.176 INFO [stdout]                                at libcore/result.rs:808
Dec 01 07:08:17.176 INFO [stdout]   10:     0x55700af4c59f - crawl_rs::http::client::client_tests::get_string_with_valid_url::hfc854c9b074e6fed
Dec 01 07:08:17.176 INFO [stdout]                                at src/http/client.rs:115
Dec 01 07:08:17.176 INFO [stdout]   11:     0x55700af4c4f9 - crawl_rs::http::client::client_tests::get_string_with_valid_url::{{closure}}::h082dbc1cc9a1ad76
Dec 01 07:08:17.176 INFO [stdout]                                at src/http/client.rs:113
Dec 01 07:08:17.176 INFO [stdout]   12:     0x55700af771fd - core::ops::function::FnOnce::call_once::h76cc881f2359a61f
Dec 01 07:08:17.176 INFO [stdout]                                at libcore/ops/function.rs:238
Dec 01 07:08:17.176 INFO [stdout]   13:     0x55700afe744e - <F as alloc::boxed::FnBox<A>>::call_box::hac903f91577a156c
Dec 01 07:08:17.176 INFO [stdout]                                at libtest/lib.rs:1468
Dec 01 07:08:17.176 INFO [stdout]                                at libcore/ops/function.rs:238
Dec 01 07:08:17.176 INFO [stdout]                                at liballoc/boxed.rs:672
Dec 01 07:08:17.176 INFO [stdout]   14:     0x55700b1d6759 - __rust_maybe_catch_panic
Dec 01 07:08:17.176 INFO [stdout]                                at libpanic_unwind/lib.rs:102
Dec 01 07:08:17.176 INFO [stdout]   15:     0x55700b0090a2 - std::sys_common::backtrace::__rust_begin_short_backtrace::hb8f0d0309526c184
Dec 01 07:08:17.176 INFO [stdout]                                at libstd/panicking.rs:289
Dec 01 07:08:17.176 INFO [stdout]                                at libstd/panic.rs:392
Dec 01 07:08:17.176 INFO [stdout]                                at libtest/lib.rs:1423
Dec 01 07:08:17.176 INFO [stdout]                                at libstd/sys_common/backtrace.rs:136
Dec 01 07:08:17.176 INFO [stdout]   16:     0x55700b009b54 - std::panicking::try::do_call::hc2f7c8b9a348d8db
Dec 01 07:08:17.176 INFO [stdout]                                at libstd/thread/mod.rs:409
Dec 01 07:08:17.176 INFO [stdout]                                at libstd/panic.rs:313
Dec 01 07:08:17.176 INFO [stdout]                                at libstd/panicking.rs:310
Dec 01 07:08:17.176 INFO [stdout]   17:     0x55700b1d6759 - __rust_maybe_catch_panic
Dec 01 07:08:17.176 INFO [stdout]                                at libpanic_unwind/lib.rs:102
Dec 01 07:08:17.176 INFO [stdout]   18:     0x55700aff6d8c - <F as alloc::boxed::FnBox<A>>::call_box::h6bfded618e480b32
Dec 01 07:08:17.176 INFO [stdout]                                at libstd/panicking.rs:289
Dec 01 07:08:17.176 INFO [stdout]                                at libstd/panic.rs:392
Dec 01 07:08:17.176 INFO [stdout]                                at libstd/thread/mod.rs:408
Dec 01 07:08:17.176 INFO [stdout]                                at liballoc/boxed.rs:672
Dec 01 07:08:17.176 INFO [stdout]   19:     0x55700b1c409d - std::sys_common::thread::start_thread::h4c28257d67cdf9cb
Dec 01 07:08:17.176 INFO [stdout]                                at liballoc/boxed.rs:682
Dec 01 07:08:17.176 INFO [stdout]                                at libstd/sys_common/thread.rs:24
Dec 01 07:08:17.176 INFO [stdout]   20:     0x55700b1b71c5 - std::sys::unix::thread::Thread::new::thread_start::hfecb2e7eff8fd34f
Dec 01 07:08:17.176 INFO [stdout]                                at libstd/sys/unix/thread.rs:90
Dec 01 07:08:17.176 INFO [stdout]   21:     0x7ff257eed6b9 - start_thread
Dec 01 07:08:17.176 INFO [stdout]   22:     0x7ff257a0d41c - clone
Dec 01 07:08:17.176 INFO [stdout]   23:                0x0 - <unknown>
Dec 01 07:08:17.176 INFO [stdout] 
Dec 01 07:08:17.176 INFO [stdout] 
Dec 01 07:08:17.176 INFO [stdout] failures:
Dec 01 07:08:17.176 INFO [stdout]     http::client::client_tests::get_json_with_valid_url
Dec 01 07:08:17.176 INFO [stdout]     http::client::client_tests::get_string_with_valid_url
Dec 01 07:08:17.176 INFO [stdout] 
Dec 01 07:08:17.176 INFO [stdout] test result: FAILED. 0 passed; 2 failed; 0 ignored; 0 measured; 0 filtered out
Dec 01 07:08:17.176 INFO [stdout] 
Dec 01 07:08:17.176 INFO [stderr] su: No module specific data is present
Dec 01 07:08:17.998 INFO running `"docker" "inspect" "0ec48de3ef3dcb28fb06b50fadc649b1768016968c1ddfae21ae7a2c44444f05"`
Dec 01 07:08:18.219 INFO running `"docker" "rm" "-f" "0ec48de3ef3dcb28fb06b50fadc649b1768016968c1ddfae21ae7a2c44444f05"`
Dec 01 07:08:18.551 INFO [stdout] 0ec48de3ef3dcb28fb06b50fadc649b1768016968c1ddfae21ae7a2c44444f05
